(-9)/12). Let u = v + 11. Is 1*-1*(2 + u) composite?
False
Let i(x) = -x**2 - 8*x + 11. Let t be i(-9). Suppose -5*u + 3 = 18, -t*u - 16 = -5*o. Suppose -3*q + 9 = -o*q. Is q prime?
False
Let f(z) = 4*z**3 - 8*z**2 - 3*z - 5. Is f(6) a prime number?
False
Let r(z) = -1 - 5*z + z**2 - 3*z**2 + 8*z**2. Is r(-4) a composite number?
True
Suppose 0 = -2*o - 8 - 0. Let d be -52 + o - (0 - 0). Let u = d + 183. Is u composite?
False
Let s(l) = -l**3 - 8*l**2 - 18*l + 8. Is s(-9) a composite number?
False
Let b be (-2)/9 + 79/(-9). Is (-3030)/b - (-2)/6 composite?
False
Let w be 5/((-15)/24)*1. Is 0 + 4/(w/(-30)) a prime number?
False
Suppose 3 - 8 = z. Let k = 188 - 34. Let w = k + z. Is w prime?
True
Let c be (3/(-2))/((-6)/8). Suppose 2*f - 3*f = -3, 5*f - 269 = -c*w. Is w a composite number?
False
Let x(y) be the second derivative of 7/2*y**2 - 1/20*y**5 + y + 7/12*y**4 + 0 - y**3. Is x(6) a composite number?
False
Suppose -3*x + 8*x = 2*h - 838, 3*x = 3*h - 1275. Suppose 5*g - 1234 = -h. Is g prime?
False
Suppose 16 = 2*t + 4*f, -t + 2*f = -0*f - 4. Let m = t - 4. Suppose b - 398 = -3*u, 1 = -3*b - m. Is u a composite number?
True
Let q(i) = i + 191. Suppose -d = 2*d. Is q(d) composite?
False
Suppose 5*n - 10 = 2*a, 6*a - 10 = -5*n + 4*a. Let r(g) = 63*g**2 + 3*g + 1. Is r(n) composite?
True
Let s(a) = 143*a - 7. Let r be s(7). Suppose -5*m + 3539 = r. Is m a prime number?
True
Is (-9)/(-54) - (-1841)/6 a composite number?
False
Let q(b) = 8*b - 9. Let j be -4 + 2 - -2 - -3. Let d(g) = 8*g - 9. Let y(z) = j*q(z) - 2*d(z). Is y(6) composite?
True
Let u(v) = -20*v + 3. Let n be u(-6). Suppose n = t - 4*t. Let o = -7 - t. Is o composite?
True
Let d(h) = 54*h + 72*h - 11 + 12. Is d(1) a prime number?
True
Suppose k - 3*k + 293 = -g, g = -3*k + 432. Is k a prime number?
False
Suppose -3*j = -j - 140. Suppose x + z = -z + 75, -z + j = x. Is x a prime number?
False
Let d(o) = o + 10. Let i be d(-7). Let s be i/(1/(2 + -1)). Suppose -196 + 37 = -s*a. Is a composite?
False
Suppose -7*i - 324 = -3*i. Let b = -56 - i. Suppose -2*l = 5*r - b, 0*r = 2*r + 2. Is l composite?
True
Let v(x) = -x**2 + 1. Let k be v(1). Suppose i + 1 + 3 = k. Is i/8 - 510/(-4) a composite number?
False
Suppose -8*i + 5*i + 306 = 0. Suppose -4*k = -5*f - 774, 5*k + 3*f - 1051 + i = 0. Is k composite?
False
Let q(l) = -5*l**3 + 19*l**2 - 4*l - 7. Let o(b) = -3*b**3 + 10*b**2 - 2*b - 4. Let p(y) = -7*o(y) + 4*q(y). Suppose 5*i + 1 = -24. Is p(i) composite?
True
Let r(f) = 191*f**2 - 1. Let m be r(-1). Suppose 2*q = 4 + m. Is q a composite number?
False
Suppose -m = -5*m + 12. Suppose -m*p - j + 266 = -0*p, p - 102 = -3*j. Is p composite?
True
Is (-5)/(-20) + 2985/12 a composite number?
True
Let j = 0 - 0. Let o(u) = 47 - 5*u**2 + 0*u**3 + 4*u**2 - u**3. Is o(j) a composite number?
False
Let n be (0 + 8)/((-4)/(-6)). Suppose 0 = -5*a - g + n, -3*g = -4*a + 5*a + 6. Suppose a*o - 41 = 58. Is o prime?
False
Suppose -v - 17192 = -9*v. Is v prime?
False
Let z = 325 - 213. Let s = 186 - z. Is s prime?
False
Suppose 13*x - 10349 = 3782. Is x a composite number?
False
Let g = -206 + 344. Suppose -2*b + g = -50. Suppose -p + b = p. Is p prime?
True
Let t = 2 + 2. Suppose 0*v = 2*v + t. Is 3/v*(-190)/15 a prime number?
True
Let v = 488 + -346. Is v prime?
False
Is 16 - -274 - (2 + -1) composite?
True
Suppose b + 2*i + 2*i - 9 = 0, 0 = -2*b - 5*i + 15. Suppose 4*z - 5*l = -0*z - 8, -5*l = b*z - 35. Is z a prime number?
True
Let i(t) = t**2 + 6*t - 7. Let a be i(-7). Suppose a - 2 = -n. Suppose -u + n*u = 25. Is u a composite number?
True
Let g = 0 + 0. Let q = -9 - -14. Suppose 5*c - q*r = -r + 47, -r + 2 = g. Is c a prime number?
True
Let c = -18 + 33. Suppose 6*k = 3*k + c. Is -53*(k + -2)/(-3) a prime number?
True
Let q(u) = -3*u - 6. Let r be q(-5). Is (534/9)/(6/r) composite?
False
Is (156 - 2)*10/20 a prime number?
False
Let y = -60 - -335. Suppose -y = -0*x - 5*x. Is x a prime number?
False
Let i(w) be the third derivative of -w**5/60 + w**4/2 - 2*w**2. Let f be i(6). Suppose -2*n - f = -4*d, 2*n = -d + 5*n + 19. Is d a prime number?
True
Suppose -c + 220 + 872 = 0. Let i = c - 701. Suppose -298 = -4*m + 5*x, 2*x + x = -5*m + i. Is m a prime number?
False
Let q be 1/((4/794)/2). Suppose 0*x + x = q. Is x composite?
False
Is (-498)/2*5/(-15) a prime number?
True
Is -6609*((-14)/(-3) + -5) a composite number?
False
Suppose 3*p - 2*j - 1117 = 0, -j + 64 = p - 305. Is p composite?
True
Let w = 5 + -3. Suppose -4*c + 6*d - w*d + 540 = 0, -3*d = -3. Suppose 0 = 4*r + 3*n - c, -n - 2*n = -4*r + 112. Is r a composite number?
False
Let o = 319 - 198. Suppose 2*s - 115 = 3*y - 0*y, 2*s = -3*y + o. Suppose r - 5*l = -16 + 4, 0 = 3*r + 4*l - s. Is r prime?
True
Is -3*(-4)/12 - -330 prime?
True
Let q = -6 - -8. Let u(p) = 7*p**2 - 4*p**2 + q + 0*p**2. Is u(2) a prime number?
False
Let q = -2 + 4. Let l(s) = s + 0*s - s**q + 6*s - 5. Is l(4) a composite number?
False
Let a = 3 + -1. Let w = -18 + 30. Let i = w + a. Is i composite?
True
Is -3 + 2 + -3 - -107 composite?
False
Is 16211/9 + 2*2/(-18) prime?
True
Let k(d) = -d**2 + 8*d + 2. Let c be k(8). Suppose 2*z + c*z = -192. Let m = -27 - z. Is m composite?
True
Is 1/(-7) - (-45240)/91 a prime number?
False
Is 52*-316*(-6)/96 a prime number?
False
Let w(s) = 31*s + 15. Is w(16) a prime number?
False
Let k = 3 - 1. Suppose k*i - 4*q = 158, i + 83 = 2*i - q. Is i composite?
True
Let c(v) = v**3 + 5*v**2 - 6*v + 5. Let a be c(-6). Suppose 32 - a = -3*m. Is (-1 - (-744)/m)*-3 prime?
True
Let z(h) = -h + 1. Let p be z(-3). Suppose 8*k - 87 = 3*k - p*b, 0 = -5*k - 5*b + 85. Is k prime?
True
Let t(v) = 4*v**2 - 11*v - 1. Is t(-9) prime?
False
Suppose -311 = 3*d - 4463. Suppose 5*v = v + d. Let a = -183 + v. Is a prime?
True
Is (-466)/(-4 + 7 - 5) a prime number?
True
Suppose -4*t + 1020 = -4*d, 7*t - 2*t - 1287 = -d. Is t prime?
True
Let o = 2 - -1. Let i(p) = 2*p**2 - 4*p - 1. Let v be i(o). Suppose -v = n, 3*g + 5*n - 123 = -g. Is g a prime number?
True
Is 4015/22 - (-6)/(-4) prime?
True
Let j(u) = 2*u**2 - u + 1. Suppose 0 = s - 2 + 1. Let p be j(s). Suppose 0 = -0*h - 4*h - 5*i + 191, 0 = h + p*i - 47. Is h a composite number?
True
Let c = 26 + -20. Is 116/c + 5/(-15) a composite number?
False
Let y = 2 + -2. Let x = y + 2. Suppose -t + 6 = -5*w - 13, -t + x*w + 16 = 0. Is t a composite number?
True
Suppose 2*z - 765 = -z. Is 36/12 + 1 + z a prime number?
False
Suppose 4*j - 1080 = 4*l, 2*j + l - 276 = 255. Is j prime?
False
Is (0 - -1)/(((-12)/(-987))/4) prime?
False
Let c(x) = x**3 + 12*x**2 + 8*x - 2. Is c(-10) composite?
True
Suppose 3*l + 0*i = 3*i - 15, -5 = 5*l - i. Suppose -q + 2 + 0 = l. Is q a composite number?
False
Let r(v) = -81*v - 7. Let q be r(-5). Suppose -3*y + q = 4*s, 4*s - 3*y - 382 = 2*y. Suppose -3*n + n + s = 0. Is n composite?
True
Suppose 2*k = -k - 4*u + 67, -43 = -3*k + 2*u. Suppose 4*q = g + 135, -3*q + 127 = g + k. Is q composite?
True
Suppose 4*j + 10 = 2*b + j, 4*b = -4*j. Suppose -2*p - p + b*q + 545 = 0, 940 = 5*p + 3*q. Is p composite?
True
Suppose 0*t + 10 = 3*o - 4*t, 2*t = o - 4. Let z(c) = 0*c**3 - o*c**2 + 10*c + c**3 - 5*c - 3. Is z(3) a prime number?
False
Let a = -17 + 20. Suppose 8*j = a*j + 345. Is j a composite number?
True
Let y(m) be the second derivative of 3*m**5/20 - m**3/6 - m**2/2 + 3*m. Is y(3) composite?
True
Let w(p) = -2*p**2 + p**3 - 5*p + 6*p**2 + 4 + 1. Let v be w(-5). Suppose v*a = -5*l + 160, 3*l + 4*a - 3*a = 102. Is l prime?
False
Let s = 702 - 498. Is (s/8)/(-1)*-2 composite?
True
Let h = 549 + 442. Is h a prime number?
True
Let x(c) = 4*c**2 - 2*c - 13. Is x(-6) a prime number?
False
Suppose 5*r - 233 = -p, -3*r - 1634 = -5*p - 357. Let h(j) = j**3 - 5*j**2 - 5*j - 6. Let z be h(10). Let f = z - p. Is f composite?
False
Suppose -5*x + 5 = 4*b - 9, -5*x - 2*b + 12 = 0. Suppose -7*f = -3*n - x*f + 20, 0 = 5*f + 20. Suppose 5*q + n*q - 35 = 0. Is q a prime number?
True
Suppose 0 = -3*x + 6 - 0. Suppose 2*j = -x, 2*j - 52 = -5*f + 691. Is f a composite number?
False
Let m = 806 - -26. Let f = m - 497. Is f a composite number?
True
Let j = 136 - 45. Suppose -4*r = -3*o - 79, 5*r + 4*o = -0*r + j. Is r a prime number?
True
Suppose 0 = 2*u - 2, 4*g = -3*u + 2*u - 11. Let m = 6 + 12. Let n = 